6
Let b = 3102 + -2142. Suppose -2*x - 6*x + b = 0. What is the tens digit of x?
2
Let h be -7*3/9*-3. Let w = 4 - h. What is the units digit of (-2 - (-10)/(-3))*w?
6
Suppose s - 18*t + 20*t = 222, 2*t = s - 242. What is the hundreds digit of s?
2
Suppose -29 = -5*h - 224. Let i = h + 212. What is the units digit of i?
3
Let h be (-2)/(-5) - (-48)/5. What is the units digit of (51/(-2))/((-15)/h)?
7
Let k be 4/(-6) - (-454)/6. Let q = -22 + 22. Suppose q*w - k = -5*w. What is the tens digit of w?
1
Let s(f) = 23*f**2 + 5*f + 8. What is the units digit of s(4)?
6
Suppose -625*f + 7952 = -618*f. What is the tens digit of f?
3
Let k(y) be the second derivative of y**5/20 - y**4/4 - 5*y**3/6 + 5*y**2/2 + 4*y. Let l be k(4). What is the units digit of l/4*-2*-12?
6
Let t(q) = -3*q**2 - 10. Let g(h) = 3*h**2 + 11. Let k(a) = -3*g(a) - 4*t(a). Suppose -2*x - v + 0 = 3, 24 = -3*x + 5*v. What is the tens digit of k(x)?
3
Suppose -229*u - 56040 = -253*u. What is the thousands digit of u?
2
Let k = -38 + 41. What is the tens digit of ((-99)/(-12) - 0)*16/k?
4
Let y(l) = l**3 + 17*l**2 - 24*l + 4. Let b be -2*((10 - 1)/(-3) + 12). What is the units digit of y(b)?
2
Let i(t) = -36*t + 3. Let o(q) = -q - 2. Let c(h) = -i(h) + 4*o(h). What is the hundreds digit of c(4)?
1
Let u(o) = -o - 14. Let n be u(-18). Suppose 2*d = n - 0. Suppose -46 = -q - 2*s, -q - d*q = s - 113. What is the tens digit of q?
3
Let v be (4/3)/(6/9). Let b be (-2)/(v/(6/(-3))). What is the tens digit of b/(-1*(-2)/21)?
2
Let y(d) = 5*d + 62. Let a be y(-14). What is the units digit of (-390)/a - (-30)/120?
9
Suppose 4*q = 2*m + 3*m - 260, 4*q = -2*m - 232. Let n = 132 + q. What is the units digit of n?
2
Let x = 169 + 164. Let b = 662 - x. What is the hundreds digit of b?
3
Suppose 13 = x - 24. Let z = x + -33. Let c(g) = 18*g - 11. What is the units digit of c(z)?
1
Suppose -7*m - 14 = -8*m. Let n be 1096/m - 10/35. Suppose -4 = p, a + 0*a = 3*p + n. What is the units digit of a?
6
Let c be (-2)/5 - 132/(-5). Suppose 2*q - 4 = -4*y, -5*q = 3*y - 7*y - 10. Suppose y = -4*d + 78 - c. What is the tens digit of d?
1
Let p = 34 - 30. Suppose -168 = q - p*q. What is the units digit of q?
6
Suppose -r = -t - 721 + 149, 3*t + 9 = 0. What is the hundreds digit of r?
5
Let p = -10 + 9. Let m be (7/(-14))/(p/6). Suppose -z = m*z - 208. What is the tens digit of z?
5
Let q = 99 + 38. Let d = q + -92. What is the tens digit of d?
4
Suppose l = 3*k - 2*k - 1915, 1895 = k + 3*l. What is the tens digit of k?
1
Suppose 2*k - k - 25 = 0. Suppose -4*g + 2*n = -100, g + 3*n - k = -0. What is the units digit of g?
5
Suppose -61*z - 128 = -65*z. What is the tens digit of (z/64)/(151/(-152) + 1)?
7
Let s = 8538 - 4397. What is the tens digit of s?
4
Let v = -40 + 32. Let o = 77 - v. What is the tens digit of o?
8
Let y(h) = h**2 - 4*h - 1. Let f be y(5). What is the units digit of ((-1145)/(-9) - (-18)/(-81)) + f?
1
Let v = 38 - 31. Suppose -v*k + 48 = -3*k. What is the tens digit of k?
1
Suppose 4*a = 74 + 326. Suppose 5*k - 630 = a. What is the tens digit of k?
4
Let o be (-15)/(-6) + (-12)/8. Let p be 1*o/(-3)*0. Suppose -4*m + 4 = -p*m. What is the units digit of m?
1
What is the hundreds digit of 60/(-75) - (-9139)/5?
8
Let h(c) = -16*c**2 + 314 + 26*c**2 - 11*c**2. What is the tens digit of h(0)?
1
Let l(z) = -5*z**2 - 1. Let p be l(1). Let w be (-5 - p)/((-2)/(-56)). Suppose c = 5*r + 4*c - 42, -w = -2*r - 4*c. What is the units digit of r?
6
What is the hundreds digit of (35/(-175))/((-1)/3475)?
6
Suppose 0 = 6*q - 8*q + 6. Suppose -5*i + 5*t + 125 = -3*i, -4*i + 237 = q*t. What is the tens digit of i?
6
Let v(c) = -c**3 - 5*c**2 - 8. Suppose 0*k - 2*k = 12. What is the units digit of v(k)?
8
Let s = 264 - 187. Let o(x) = -x**2 - 5*x + 7. Let h be o(-9). Let i = s + h. What is the units digit of i?
8
Let q be (-6)/(-5)*700/30. Let d be 65/((q/(-8))/(-7)). Suppose p - 2*g - 34 = 12, 3*p - 4*g - d = 0. What is the units digit of p?
8
Suppose -2*a = -0 - 14. Let w = 20 - a. What is the tens digit of w?
1
Let p = -4 - 48. Let m = -7 - p. Let s = m + 8. What is the units digit of s?
3
What is the hundreds digit of 1/((-116)/(-145) + 1982/(-2490))?
2
Let o(d) = d**3 - 5*d**2 + 5*d - 33. What is the hundreds digit of o(9)?
3
Let n(l) = -l**3 - 18*l**2 - 2*l - 35. Let p be n(-18). What is the tens digit of (-1)/(p/41*(-4 + 3))?
4
Let g(m) be the second derivative of m**3/2 + 9*m**2/2 + 35*m. What is the tens digit of g(10)?
3
Let y be (-2)/(-7) + (-19)/(-7). What is the tens digit of ((-2)/y)/(12/(-198) + 0)?
1
Suppose 3*t - 2*r - 5062 = 0, -5*t + 7308 = 3*r - 1097. What is the hundreds digit of t?
6
Suppose 0*b + 36 = -2*b. What is the units digit of b/36 - (-18)/4?
4
Let n(i) = 166*i**3 - 4*i**2 - 6*i + 20. What is the thousands digit of n(2)?
1
Suppose 0 = -x - 2*k + 54, 0 = -2*x - k + 43 + 65. What is the units digit of x?
4
Let t(u) = -47*u**3 + u**2 - 1. Let o be ((-12)/(-8))/((-1)/(-6)). Let g = o + -10. What is the tens digit of t(g)?
4
Let o(u) = 7*u**2 - 61*u + 30. What is the hundreds digit of o(13)?
4
Suppose -15*l = -11*l - 1400. What is the tens digit of l?
5
Let j = 4 - 0. What is the units digit of 5/((-25)/(-10))*142/j?
1
Let w = 1253 - 844. What is the hundreds digit of w?
4
Let r(p) = p**3 - 12*p**2 + 31*p + 10. What is the hundreds digit of r(14)?
8
Let q be 10/45 + (-58)/18. Let p be ((-6)/q)/6*12. What is the units digit of (5/(-2))/((-2)/p)?
5
Suppose 114*q - 868 = 110*q. What is the hundreds digit of q?
2
Let p = 736 + 133. What is the tens digit of p?
6
Let z(y) be the third derivative of 7*y**4/4 - 4*y**3/3 + 17*y**2. What is the tens digit of z(3)?
1
Let m(g) = -8*g + 4. Let t = -4 - -10. Let u be m(t). What is the units digit of (4 + -7)/(3/u)?
4
Let q(k) = -k**3 - 4*k**2 - k - 2. Let f be q(-4). Suppose f*u - 48 = -u. Suppose 120 = 4*y + u. What is the tens digit of y?
2
Let w(s) = -1746*s + 16. What is the units digit of w(-1)?
2
Suppose 0*l + 2*l - 6 = 0. Let d be 1 - (-1 + 15 - l). What is the tens digit of d/(-55) - 458/(-22)?
2
What is the units digit of 2232/30 - 3 - 3/(-5)?
2
Suppose 0 = 2*a + d - 316, -3*a + 6*a - 4*d - 496 = 0. What is the units digit of a?
0
Let m(a) = 2*a + 10. Let q be m(-7). What is the hundreds digit of q/(-18) - (-10330)/90?
1
Suppose 0 = -42*l + 30*l + 24780. What is the hundreds digit of l?
0
Suppose 0*y = -4*y + 16. Suppose 0 = -a + 5*a - y. Suppose 2*i - 39 = a. What is the tens digit of i?
2
Suppose 4*u + 15997 = 21*u. What is the hundreds digit of u?
9
Let o(z) = 59*z**3 + z**2 - 8*z + 4. What is the units digit of o(2)?
4
Let i(n) be the first derivative of 5 + 2*n - 1/2*n**2 + 2/3*n**3. What is the tens digit of i(4)?
3
What is the tens digit of (3 + -5 - -2) + (-3 - -28)?
2
Let g = 53 - 47. Let q(y) = 3*y**2 - 2*y + 2. What is the tens digit of q(g)?
9
Suppose 5*x = -205 + 30. Let w = 9 - x. What is the tens digit of w?
4
Suppose 0 = 7*z - 3*z + 3480. Let u be 8/(-12) - z/9. Let q = u - 68. What is the tens digit of q?
2
Let l = 7 + -2. Suppose l*j - 11 + 1 = 0. What is the units digit of (-2)/j*51/(-3)?
7
Let x(w) = -7*w + 92. What is the hundreds digit of x(-36)?
3
Let h(x) = 1840*x. Let i(u) = -23*u. Let v(b) = -2*h(b) - 161*i(b). Let a be v(-1). Let w = a - -44. What is the units digit of w?
1
Let l = -863 + 1076. What is the units digit of l?
3
Let x = -1 + -13. Let h = x - -17. Suppose -2*o + 3*o = 5*k - 12, -2*k + 15 = h*o. What is the units digit of k?
3
Let q be (-22)/(-99) - 1364/(-18). Let o = -51 + q. What is the tens digit of o?
2
Let q(n) = -854*n + 39. What is the tens digit of q(-1)?
9
Suppose -2*u + 4*y = 166, 2*y = 2*u + 129 + 43. Let p = -6 - u. What is the tens digit of p?
8
Let u = 19 + -15. Let w(r) = r**3 - 4*r + 8. What is the tens digit of w(u)?
5
Let s(g) = g**2 - 4*g + 1. Let q be s(4). Let x(n) = 16*n**2 - n. Let p be x(q). Let f = -10 + p. What is the units digit of f?
5
Let q(y) = y + 14. Let r be 11*(-4)/(3 + 1). Let o be q(r). Suppose -d + 60 = 3*i, -o*d + 20 = i + 2*d. What is the units digit of i?
0
Let b be (0 - -5) + -2 - (-36 + -1). Suppose 448 = -b*u + 44*u. What is the hundreds digit of u?
1
Suppose -695 = -5*c + 2070. Suppose 6*p - c = 71. What is the tens digit of p?
0
Suppose 0 = -l + 5*j -